 5252?
True
Is 1150 a multiple of 2?
True
Is 1598 a multiple of 34?
True
Is 3390 a multiple of 15?
True
Is 11 a factor of 1078?
True
Is 266 a multiple of 38?
True
Is 164 a factor of 11518?
False
Does 15 divide 7284?
False
Is 2304 a multiple of 48?
True
Is 12 a factor of 1596?
True
Is 85 a multiple of 5?
True
Is 16 a factor of 46718?
False
Does 24 divide 53712?
True
Does 3 divide 305?
False
Does 8 divide 1800?
True
Does 14 divide 84?
True
Is 157 a factor of 46332?
False
Is 13 a factor of 7585?
False
Does 41 divide 56487?
False
Does 34 divide 2074?
True
Does 15 divide 230?
False
Does 109 divide 109?
True
Is 770 a multiple of 70?
True
Is 5 a factor of 11?
False
Is 24 a factor of 648?
True
Is 50820 a multiple of 30?
True
Is 22015 a multiple of 85?
True
Is 8 a factor of 224?
True
Is 2112 a multiple of 64?
True
Is 4 a factor of 20088?
True
Does 197 divide 3152?
True
Does 38 divide 1558?
True
Does 3 divide 323?
False
Does 6 divide 5591?
False
Is 13 a factor of 973?
False
Does 20 divide 5460?
True
Is 101 a factor of 3434?
True
Does 18 divide 2592?
True
Is 2202 a multiple of 2?
True
Is 20128 a multiple of 68?
True
Is 1732 a multiple of 90?
False
Is 388 a multiple of 16?
False
Is 414 a multiple of 22?
False
Is 15120 a multiple of 45?
True
Is 54 a factor of 36351?
False
Is 58995 a multiple of 27?
True
Does 36 divide 180?
True
Is 1421 a multiple of 46?
False
Does 30 divide 150?
True
Is 1170 a multiple of 30?
True
Does 8 divide 376?
True
Does 8 divide 1920?
True
Is 8580 a multiple of 115?
False
Is 25 a factor of 27475?
True
Is 52 a factor of 10660?
True
Is 8924 a multiple of 97?
True
Is 10780 a multiple of 98?
True
Is 610 a multiple of 3?
False
Does 84 divide 2268?
True
Is 1005 a multiple of 15?
True
Is 104 a multiple of 4?
True
Does 12 divide 120?
True
Is 1000 a multiple of 25?
True
Is 3297 a multiple of 7?
True
Is 40 a factor of 111701?
False
Is 3744 a multiple of 13?
True
Is 29 a factor of 604?
False
Is 8292 a multiple of 6?
True
Is 1003 a multiple of 9?
False
Is 46960 a multiple of 39?
False
Does 25 divide 375?
True
Is 107 a factor of 14021?
False
Does 12 divide 615?
False
Does 8 divide 13384?
True
Is 3 a factor of 354?
True
Is 40599 a multiple of 117?
True
Does 36 divide 70411?
False
Does 3 divide 7974?
True
Is 5 a factor of 2666?
False
Is 3 a factor of 10290?
True
Is 393 a factor of 79715?
False
Is 26 a factor of 72839?
False
Is 7614 a multiple of 27?
True
Is 2 even?
True
Is 18275 a multiple of 25?
True
Does 104 divide 7280?
True
Is 26922 a multiple of 149?
False
Is 73574 a multiple of 46?
False
Is 748 a multiple of 22?
True
Is 226 a multiple of 2?
True
Does 6 divide 4914?
True
Does 6 divide 546?
True
Does 28 divide 29224?
False
Is 7263 a multiple of 27?
True
Is 46 a factor of 1334?
True
Is 48 a multiple of 13?
False
Is 121 a factor of 12947?
True
Does 18 divide 180?
True
Does 190 divide 100510?
True
Is 27 a factor of 13419?
True
Is 2656 a multiple of 8?
True
Does 21 divide 27?
False
Is 6 a factor of 6021?
False
Is 119 a factor of 15827?
True
Is 60893 a multiple of 10?
False
Does 69 divide 1725?
True
Does 29 divide 11368?
True
Is 14 a factor of 964?
False
Is 29 a factor of 2813?
True
Is 9 a factor of 95?
False
Is 55809 a multiple of 27?
True
Is 12 a factor of 3840?
True
Is 25 a factor of 7175?
True
Does 46 divide 18842?
False
Is 170 a multiple of 16?
False
Is 1640 a multiple of 20?
True
Is 2221 a multiple of 95?
False
Is 68 a factor of 3419?
False
Is 46 a factor of 69968?
False
Is 6 a factor of 559?
False
Is 6 a factor of 1873?
False
Is 9 a factor of 927?
True
Is 398 a multiple of 56?
False
Is 5 a factor of 16910?
True
Does 48 divide 183?
False
Is 27 a factor of 1134?
True
Does 123 divide 7872?
True
Is 147 a multiple of 21?
True
Does 51 divide 2417?
False
Does 10 divide 5958?
False
Does 7 divide 19845?
True
Does 9 divide 92?
False
Is 10080 a multiple of 144?
True
Is 9 a factor of 1214?
False
Does 31 divide 792?
False
Does 19 divide 1539?
True
Does 76 divide 1596?
True
Is 10175 a multiple of 17?
False
Does 15 divide 2025?
True
Does 31 divide 114?
False
Does 14 divide 444?
False
Does 39 divide 14664?
True
Is 1068 a multiple of 45?
False
Does 11 divide 1356?
False
Is 19 a factor of 3277?
False
Is 2274 a multiple of 6?
True
Is 2291 a multiple of 40?
False
Does 68 divide 1904?
True
Is 216 a multiple of 2?
True
Is 12219 a multiple of 38?
False
Is 9 a multiple of 9?
True
Is 67 a factor of 112551?
False
Does 5 divide 79?
False
Is 14 a factor of 3578?
False
Does 5 divide 802?
False
Does 17 divide 6586?
False
Is 20 a factor of 5747?
False
Does 21 divide 16048?
False
Does 241 divide 20244?
True
Does 21 divide 33658?
False
Is 15 a factor of 570?
True
Is 1904 a multiple of 16?
True
Is 798 a multiple of 6?
True
Is 84 a multiple of 6?
True
Is 4724 a multiple of 111?
False
Does 27 divide 5186?
False
Is 359 a factor of 69213?
False
Is 1349 a multiple of 14?
False
Is 53788 a multiple of 129?
False
Does 77 divide 772?
False
Is 15 a factor of 45?
True
Is 2089 a multiple of 7?
False
Does 112 divide 168000?
True
Is 15 a factor of 61?
False
Is 43 a factor of 2279?
True
Does 86 divide 19264?
True
Is 74 a factor of 61892?
False
Is 3103 a multiple of 9?
False
Is 4047 a multiple of 9?
False
Is 2725 a multiple of 14?
False
Does 17 divide 1088?
True
Does 17 divide 96?
False
Is 27954 a multiple of 6?
True
Is 7482 a multiple of 29?
True
Is 34550 a multiple of 15?
False
Is 96 a factor of 6237?
False
Is 92 a factor of 276?
True
Is 5028 a multiple of 12?
True
Does 17 divide 13073?
True
Does 75 divide 225?
True
Is 546 a multiple of 3?
True
Is 8 a factor of 28858?
False
Is 3063 a multiple of 50?
False
Is 23 a factor of 2323?
True
Does 28 divide 6524?
True
Is 20504 a multiple of 11?
True
Does 18 divide 17226?
True
Is 22690 a multiple of 47?
False
Is 16947 a multiple of 7?
True
Does 42 divide 5880?
True
Does 14 divide 562?
False
Is 37 a factor of 13135?
True
Does 5 divide 17711?
False
Is 4 a factor of 438?
False
Is 23023 a multiple of 161?
True
Does 17 divide 2633?
False
Is 9 a factor of 126?
True
Is 26 a factor of 962?
True
Is 301 a multiple of 28?
False
Does 7 divide 42?
True
Is 2859 a multiple of 7?
False
Is 7 a factor of 913?
False
Is 38 a factor of 11508?
False
Is 25611 a multiple of 6?
False
Does 19 divide 5377?
True
Is 56862 a multiple of 117?
True
Is 2196 a multiple of 3?
True
Is 13 a factor of 54264?
False
Does 306 divide 37638?
True
Is 1378 a multiple of 13?
True
Is 66 a factor of 20856?
True
Does 22 divide 3249?
False
Is 331 a multiple of 5?
False
Is 9 a factor of 477?
True
Is 27 a factor of 5130?
True
Is 109 a factor of 27795?
True
Does 42 divide 35322?
True
Is 11 a factor of 50923?
False
Does 16 divide 203?
False
Is 7 a factor of 147?
True
Does 19 divide 2046?
False
Is 5439 a multiple of 94?
False
Is 4 a factor of 53?
False
Does 45 divide 15075?
True
Is 276 a multiple of 7?
False
Is 14 a factor of 6108?
False
Does 22 divide 704?
True
Does 22 divide 17045?
False
Is 99 a multiple of 2?
False
Does 7 divide 472?
False
Does 24 divide 493?
False
Does 19 divide 4294?
True
Does 49 divide 5933?
False
Is 54 a factor of 1134?
True
Does 2 divide 32?
True
Is 23 a factor of 12006?
True
Is 150 a factor of 7500?
True
Is 52 a factor of 9308?
True
Is 14 a factor of 1505?
False
Is 1955 a multiple of 23?
True
Is 1863 a multiple of 69?
True
Is 19924 a multiple of 34?
True
Is 25377 a multiple of 7?
False
Is 6438 a multiple of 29?
True
Is 13 a factor of 806?
True
Is 1341 a multiple of 45?
False
Does 15 divide 274?
False
Is 938 a multiple of 43?
False
Is 237 a factor of 246?
False
Does 18 divide 1350?
True
Does 13 divide 18098?
False
Is 968 a multiple of 34?
False
Is 24 a factor of 8379?
False
Is 11 a factor of 6666?
True
Does 3 divide 1107?
True
Does 22 divide 200?
False
Is 22 a factor of 233?
False
Does 6 divide 13035?
False
Is 61 a factor of 8418?
True
Is 22 a factor of 738?
False
Is 4 a factor of 115?
False
Is 1923 a multiple of 61?
False
Is 147 a multiple of 21?
True
Does 9 divide 243?
True
Is 51 a factor of 6484?
False
Does 14 divide 28630?
True
Is 47 a factor of 222?
False
Is 31 a factor of 296?
False
Is 34 a factor of 646?
True
Is 80 a multiple of 20?
True
Does 3 divide 2895?
True
Does 20 divide 320?
True
Does 46 divide 16422?
True
Is 46 a factor of 874?
True
Is 3360 a multiple of 84?
